{"id":85,"date":"2010-01-28T15:37:40","date_gmt":"2010-01-28T13:37:40","guid":{"rendered":"http:\/\/wp.karategojukai.org\/?page_id=85"},"modified":"2025-01-11T22:03:15","modified_gmt":"2025-01-11T20:03:15","slug":"scheman","status":"publish","type":"page","link":"https:\/\/karategojukai.org\/?page_id=85","title":{"rendered":"Schema"},"content":{"rendered":"<p><span style=\"color: #ff00ff;\">\u00a0<\/span><\/p>\n<table border=\"0\" width=\"450\" cellspacing=\"0\" cellpadding=\"0\">\n<tbody>\n<tr>\n<td>\n<h3>Grupp<\/h3>\n<\/td>\n<td>\n<h3>M\u00e5ndag<\/h3>\n<\/td>\n<td>\n<h3>Tisdag<\/h3>\n<\/td>\n<td>\n<h3>Torsdag<\/h3>\n<\/td>\n<td>\n<h3>Fredag<\/h3>\n<\/td>\n<\/tr>\n<tr>\n<td bgcolor=\"#eeeeee\"><strong>Nyb\u00f6rjargrupp<\/strong><br \/>\nAspuddens skola<br \/>\nBlommensbergsv\u00e4gen 166<br \/>\nT-Aspudden<\/td>\n<td bgcolor=\"#eeeeee\">17.15-18.15<br \/>\n<strong>Ing\u00e5ng:<\/strong> A2<\/td>\n<td bgcolor=\"#eeeeee\"><\/td>\n<td bgcolor=\"#eeeeee\"><\/td>\n<td bgcolor=\"#eeeeee\"><\/td>\n<\/tr>\n<tr>\n<td><strong>Barn 8-12 \u00e5r<\/strong><br \/>\nAspuddens skola<br \/>\nBlommensbergsv\u00e4gen 166<br \/>\nT-Aspudden<\/td>\n<td>17.15-18.15<strong><br \/>\nIng\u00e5ng: <\/strong>A3<\/td>\n<td><\/td>\n<td>17.15-18.15<br \/>\n<strong>Ing\u00e5ng: <\/strong>A2<\/td>\n<td><\/td>\n<\/tr>\n<tr>\n<td bgcolor=\"#eeeeee\"><strong>Barn 8-12 \u00e5r samt f\u00f6r\u00e4ldrar<\/strong><br \/>\nTellusborgshallen<br \/>\nT-Midsommarkransen<\/td>\n<td bgcolor=\"#eeeeee\"><\/td>\n<td bgcolor=\"#eeeeee\"><\/td>\n<td bgcolor=\"#eeeeee\"><\/td>\n<td bgcolor=\"#eeeeee\">17.00-18.00<br \/>\n<strong>Karatedojon<\/strong><\/td>\n<\/tr>\n<tr>\n<td><strong>Blandad grupp fr. 12 \u00e5r<\/strong><br \/>\nAspuddens skola<br \/>\nBlommensbergsv\u00e4gen 166<br \/>\nT-Aspudden<\/td>\n<td>18.30-19.50<br \/>\n<strong>Ing\u00e5ng: <\/strong>A3<\/td>\n<td><\/td>\n<td>18.30-19.50<br \/>\n<strong>Ing\u00e5ng: <\/strong>A2<\/td>\n<td><\/td>\n<\/tr>\n<tr>\n<td><strong>Blandad grupp fr\u00e5n 12 \u00e5r<\/strong><br \/>\nTellusborgshallen<br \/>\nT-Midsommarkransen<\/td>\n<td><\/td>\n<td>18.00-19.15<br \/>\n<strong>Karatedojon<\/strong><\/td>\n<td><\/td>\n<td>18.00-19.15<br \/>\n<strong>Karatedojon<\/strong><\/td>\n<\/tr>\n<tr>\n<td bgcolor=\"#eeeeee\"><\/td>\n<td bgcolor=\"#eeeeee\"><\/td>\n<td bgcolor=\"#eeeeee\"><\/td>\n<td bgcolor=\"#eeeeee\"><\/td>\n<td bgcolor=\"#eeeeee\"><\/td>\n<\/tr>\n<tr>\n<td><\/td>\n<\/tr>\n<\/tbody>\n<\/table>\n","protected":false},"excerpt":{"rendered":"<p>\u00a0 Grupp M\u00e5ndag Tisdag Torsdag Fredag Nyb\u00f6rjargrupp Aspuddens skola Blommensbergsv\u00e4gen 166 T-Aspudden 17.15-18.15 Ing\u00e5ng: A2 Barn 8-12 \u00e5r Aspuddens skola Blommensbergsv\u00e4gen 166 T-Aspudden 17.15-18.15 Ing\u00e5ng: A3 17.15-18.15 Ing\u00e5ng: A2 Barn 8-12 \u00e5r samt f\u00f6r\u00e4ldrar Tellusborgshallen T-Midsommarkransen 17.00-18.00 Karatedojon Blandad grupp &hellip; <a href=\"https:\/\/karategojukai.org\/?page_id=85\">Forts\u00e4tt l\u00e4sa <span class=\"meta-nav\">&rarr;<\/span><\/a><\/p>\n","protected":false},"author":1,"featured_media":0,"parent":7,"menu_order":3,"comment_status":"closed","ping_status":"open","template":"","meta":[],"_links":{"self":[{"href":"https:\/\/karategojukai.org\/index.php?rest_route=\/wp\/v2\/pages\/85"}],"collection":[{"href":"https:\/\/karategojukai.org\/index.php?rest_route=\/wp\/v2\/pages"}],"about":[{"href":"https:\/\/karategojukai.org\/index.php?rest_route=\/wp\/v2\/types\/page"}],"author":[{"embeddable":true,"href":"https:\/\/karategojukai.org\/index.php?rest_route=\/wp\/v2\/users\/1"}],"replies":[{"embeddable":true,"href":"https:\/\/karategojukai.org\/index.php?rest_route=%2Fwp%2Fv2%2Fcomments&post=85"}],"version-history":[{"count":19,"href":"https:\/\/karategojukai.org\/index.php?rest_route=\/wp\/v2\/pages\/85\/revisions"}],"predecessor-version":[{"id":4852,"href":"https:\/\/karategojukai.org\/index.php?rest_route=\/wp\/v2\/pages\/85\/revisions\/4852"}],"up":[{"embeddable":true,"href":"https:\/\/karategojukai.org\/index.php?rest_route=\/wp\/v2\/pages\/7"}],"wp:attachment":[{"href":"https:\/\/karategojukai.org\/index.php?rest_route=%2Fwp%2Fv2%2Fmedia&parent=85"}],"curies":[{"name":"wp","href":"https:\/\/api.w.org\/{rel}","templated":true}]}}